
{"id":8,"date":"2016-01-21T16:01:17","date_gmt":"2016-01-21T15:01:17","guid":{"rendered":"http:\/\/10.10.20.35\/?page_id=8"},"modified":"2017-03-16T08:44:55","modified_gmt":"2017-03-16T07:44:55","slug":"reference","status":"publish","type":"page","link":"https:\/\/www.gb-geodezie.cz\/?page_id=8","title":{"rendered":"Reference"},"content":{"rendered":"<h5>Reference<\/h5>\n<p><strong>Geodetick\u00e9 pr\u00e1ce a \u010dinnosti od katastru nemovitost\u00ed po GIS jsme realizovali pro \u0161irok\u00e9 spektrum klient\u016f. Mezi na\u0161e spokojen\u00e9 z\u00e1kazn\u00edky nap\u0159\u00edklad pat\u0159\u00ed:<br \/>\n<\/strong><\/p>\n<ul>\n<li>Pozemkov\u00e9 \u00fa\u0159ady<\/li>\n<li>Krajsk\u00e9 \u00fa\u0159ady a d\u0159\u00edv\u011bj\u0161\u00ed okresn\u00ed \u00fa\u0159ady<\/li>\n<li>Katastr\u00e1ln\u00ed \u00fa\u0159ady<\/li>\n<li>M\u011bstsk\u00e9 a magistr\u00e1tn\u00ed \u00fa\u0159ady (Brno, Jihlava, B\u0159eclav, Prost\u011bjov, Zl\u00edn, Jihlava)<\/li>\n<li>\u0158editelstv\u00ed silnic a d\u00e1lnic \u010cR<\/li>\n<li>Telef\u00f3nica O2 Czech Republic<\/li>\n<li>Jihomoravsk\u00e1 plyn\u00e1rensk\u00e1<\/li>\n<li>Jihomoravsk\u00e1 energetika<\/li>\n<li>BVV a.s.<\/li>\n<li>\u010cEZ a.s.<\/li>\n<li>\u017d\u010eAS a.s. (GIS are\u00e1lu)<\/li>\n<li>Povod\u00ed Moravy<\/li>\n<li>\u0159ada projek\u010dn\u00edch firem, des\u00edtky stavebn\u00edch firem\u00a0a tis\u00edce jednotliv\u00fdch z\u00e1kazn\u00edk\u016f<\/li>\n<\/ul>\n<p><strong>Pro kter\u00e9 jsme zrealizovali<\/strong><\/p>\n<ul>\n<li>des\u00edtky jednoduch\u00fdch a komplexn\u00edch pozemkov\u00fdch \u00faprav<\/li>\n<li>des\u00edtky DKM zapsan\u00fdch do KN<\/li>\n<li>tis\u00edce zak\u00e1zek v oblasti katastru ro\u010dn\u011b v p\u016fsobnosti celkem 29 K\u00da<\/li>\n<li>datov\u00e9 sklady DTMM<\/li>\n<li>datov\u00e9 sklady pro \u00fazemn\u011b-analytick\u00e9 podklady (\u00daAP)<\/li>\n<li>3D modely \u00fazem\u00ed<\/li>\n<li>speci\u00e1ln\u00ed aplikace in\u017een\u00fdrsk\u00e9 geod\u00e9zie<\/li>\n<li>stovky zdigitalizovan\u00fdch mapov\u00fdch podklad\u016f<\/li>\n<li>tis\u00edce km uli\u010dn\u00edch prostor a rozvod\u016f<\/li>\n<li>tis\u00edce geometrick\u00fdch pl\u00e1n\u016f pro fyzick\u00e9 osoby<\/li>\n<\/ul>\n","protected":false},"excerpt":{"rendered":"<p>Reference Geodetick\u00e9 pr\u00e1ce a \u010dinnosti od katastru nemovitost\u00ed po GIS jsme realizovali pro \u0161irok\u00e9 spektrum klient\u016f. Mezi na\u0161e spokojen\u00e9 z\u00e1kazn\u00edky nap\u0159\u00edklad pat\u0159\u00ed: Pozemkov\u00e9 \u00fa\u0159ady Krajsk\u00e9 \u00fa\u0159ady a d\u0159\u00edv\u011bj\u0161\u00ed okresn\u00ed \u00fa\u0159ady Katastr\u00e1ln\u00ed \u00fa\u0159ady M\u011bstsk\u00e9 a magistr\u00e1tn\u00ed \u00fa\u0159ady (Brno, Jihlava, B\u0159eclav, Prost\u011bjov,&hellip; <\/p>\n","protected":false},"author":1,"featured_media":0,"parent":0,"menu_order":2,"comment_status":"closed","ping_status":"closed","template":"","meta":{"ngg_post_thumbnail":0,"footnotes":""},"class_list":["post-8","page","type-page","status-publish","hentry"],"_links":{"self":[{"href":"https:\/\/www.gb-geodezie.cz\/index.php?rest_route=\/wp\/v2\/pages\/8"}],"collection":[{"href":"https:\/\/www.gb-geodezie.cz\/index.php?rest_route=\/wp\/v2\/pages"}],"about":[{"href":"https:\/\/www.gb-geodezie.cz\/index.php?rest_route=\/wp\/v2\/types\/page"}],"author":[{"embeddable":true,"href":"https:\/\/www.gb-geodezie.cz\/index.php?rest_route=\/wp\/v2\/users\/1"}],"replies":[{"embeddable":true,"href":"https:\/\/www.gb-geodezie.cz\/index.php?rest_route=%2Fwp%2Fv2%2Fcomments&post=8"}],"version-history":[{"count":8,"href":"https:\/\/www.gb-geodezie.cz\/index.php?rest_route=\/wp\/v2\/pages\/8\/revisions"}],"predecessor-version":[{"id":1334,"href":"https:\/\/www.gb-geodezie.cz\/index.php?rest_route=\/wp\/v2\/pages\/8\/revisions\/1334"}],"wp:attachment":[{"href":"https:\/\/www.gb-geodezie.cz\/index.php?rest_route=%2Fwp%2Fv2%2Fmedia&parent=8"}],"curies":[{"name":"wp","href":"https:\/\/api.w.org\/{rel}","templated":true}]}}