
{"id":798,"date":"2016-02-02T23:00:42","date_gmt":"2016-02-02T22:00:42","guid":{"rendered":"http:\/\/10.10.20.35\/?page_id=798"},"modified":"2023-05-10T14:15:26","modified_gmt":"2023-05-10T13:15:26","slug":"opava","status":"publish","type":"page","link":"https:\/\/www.gb-geodezie.cz\/?page_id=798","title":{"rendered":"Opava"},"content":{"rendered":"<h5>Pobo\u010dka Opava<\/h5>\n<table width=\"100%\">\n<tbody>\n<tr>\n<td width=\"50%\">adresa:<\/td>\n<td width=\"60%\">Kom\u00e1rovsk\u00e1\u00a02<br \/>\n746 01 Opava49.9374839N, 17.9118139E<\/td>\n<\/tr>\n<tr>\n<td width=\"50%\">kontakt:<\/td>\n<td width=\"60%\">tel: +420 602 749 258<br \/>\nmail: <a href=\"mailto:opava@geodezie-brno.cz\">opava(at)geodezie-brno.cz<\/a><\/td>\n<\/tr>\n<tr>\n<td width=\"50%\">hlavn\u00ed \u010dinnosti:<\/td>\n<td width=\"60%\">podpora MISYS<\/td>\n<\/tr>\n<tr>\n<td width=\"50%\">identifika\u010dn\u00ed \u010d\u00edslo provozovny:<\/td>\n<td width=\"60%\">1010769910<\/td>\n<\/tr>\n<\/tbody>\n<\/table>\n<div id=\"wpgmza_map\" class=\"wpgmza_map\" data-settings='{\"id\":\"4\",\"map_title\":\"Opava\",\"map_width\":\"100\",\"map_height\":\"400\",\"map_start_lat\":\"49.937689\",\"map_start_lng\":\"17.912996\",\"map_start_location\":\"49.93768942862213,17.912995540064585\",\"map_start_zoom\":\"15\",\"default_marker\":\"0\",\"type\":\"1\",\"alignment\":\"1\",\"directions_enabled\":\"0\",\"styling_enabled\":\"0\",\"styling_json\":\"\",\"active\":\"0\",\"kml\":\"\",\"bicycle\":\"0\",\"traffic\":\"1\",\"dbox\":\"1\",\"dbox_width\":\"500\",\"listmarkers\":\"0\",\"listmarkers_advanced\":\"0\",\"filterbycat\":\"0\",\"ugm_enabled\":\"0\",\"ugm_category_enabled\":\"0\",\"fusion\":\"\",\"map_width_type\":\"\\\\%\",\"map_height_type\":\"px\",\"mass_marker_support\":\"0\",\"ugm_access\":\"0\",\"order_markers_by\":\"1\",\"order_markers_choice\":\"2\",\"show_user_location\":\"2\",\"default_to\":\"\",\"other_settings\":{\"store_locator_enabled\":2,\"wpgmza_store_locator_restrict\":\"\",\"store_locator_distance\":2,\"store_locator_bounce\":1,\"store_locator_hide_before_search\":2,\"store_locator_use_their_location\":2,\"store_locator_name_search\":2,\"store_locator_category\":2,\"store_locator_query_string\":\"ZIP \\\/ Address:\",\"store_locator_name_string\":\"Title \\\/ Description:\",\"wpgmza_dbox_width_type\":\"px\",\"map_max_zoom\":\"3\",\"sl_stroke_color\":\"FF0000\",\"sl_stroke_opacity\":\"0.25\",\"sl_fill_color\":\"FF0000\",\"sl_fill_opacity\":\"0.15\",\"click_open_link\":2,\"weather_layer\":2,\"weather_layer_temp_type\":1,\"cloud_layer\":1,\"transport_layer\":1,\"wpgmza_iw_type\":\"0\",\"list_markers_by\":\"0\",\"push_in_map\":\"1\",\"push_in_map_placement\":\"1\",\"wpgmza_push_in_map_width\":\"\",\"wpgmza_push_in_map_height\":\"\",\"wpgmza_theme_data\":\"[{\\\\\\\"featureType\\\\\\\":\\\\\\\"administrative\\\\\\\",\\\\\\\"stylers\\\\\\\":[{\\\\\\\"visibility\\\\\\\":\\\\\\\"off\\\\\\\"}]},{\\\\\\\"featureType\\\\\\\":\\\\\\\"poi\\\\\\\",\\\\\\\"stylers\\\\\\\":[{\\\\\\\"visibility\\\\\\\":\\\\\\\"simplified\\\\\\\"}]},{\\\\\\\"featureType\\\\\\\":\\\\\\\"road\\\\\\\",\\\\\\\"elementType\\\\\\\":\\\\\\\"labels\\\\\\\",\\\\\\\"stylers\\\\\\\":[{\\\\\\\"visibility\\\\\\\":\\\\\\\"simplified\\\\\\\"}]},{\\\\\\\"featureType\\\\\\\":\\\\\\\"water\\\\\\\",\\\\\\\"stylers\\\\\\\":[{\\\\\\\"visibility\\\\\\\":\\\\\\\"simplified\\\\\\\"}]},{\\\\\\\"featureType\\\\\\\":\\\\\\\"transit\\\\\\\",\\\\\\\"stylers\\\\\\\":[{\\\\\\\"visibility\\\\\\\":\\\\\\\"simplified\\\\\\\"}]},{\\\\\\\"featureType\\\\\\\":\\\\\\\"landscape\\\\\\\",\\\\\\\"stylers\\\\\\\":[{\\\\\\\"visibility\\\\\\\":\\\\\\\"simplified\\\\\\\"}]},{\\\\\\\"featureType\\\\\\\":\\\\\\\"road.highway\\\\\\\",\\\\\\\"stylers\\\\\\\":[{\\\\\\\"visibility\\\\\\\":\\\\\\\"off\\\\\\\"}]},{\\\\\\\"featureType\\\\\\\":\\\\\\\"road.local\\\\\\\",\\\\\\\"stylers\\\\\\\":[{\\\\\\\"visibility\\\\\\\":\\\\\\\"on\\\\\\\"}]},{\\\\\\\"featureType\\\\\\\":\\\\\\\"road.highway\\\\\\\",\\\\\\\"elementType\\\\\\\":\\\\\\\"geometry\\\\\\\",\\\\\\\"stylers\\\\\\\":[{\\\\\\\"visibility\\\\\\\":\\\\\\\"on\\\\\\\"}]},{\\\\\\\"featureType\\\\\\\":\\\\\\\"water\\\\\\\",\\\\\\\"stylers\\\\\\\":[{\\\\\\\"color\\\\\\\":\\\\\\\"#84afa3\\\\\\\"},{\\\\\\\"lightness\\\\\\\":52}]},{\\\\\\\"stylers\\\\\\\":[{\\\\\\\"saturation\\\\\\\":-17},{\\\\\\\"gamma\\\\\\\":0.36}]},{\\\\\\\"featureType\\\\\\\":\\\\\\\"transit.line\\\\\\\",\\\\\\\"elementType\\\\\\\":\\\\\\\"geometry\\\\\\\",\\\\\\\"stylers\\\\\\\":[{\\\\\\\"color\\\\\\\":\\\\\\\"#3f518c\\\\\\\"}]}]\",\"wpgmza_theme_selection\":8,\"shortcodeAttributes\":{\"id\":\"4\"}}}' data-map-id='4' Data-maps-engine='google-maps' data-shortcode-attributes='{\"id\":\"4\"}' style=\"display:block; overflow:auto; width:100%; height:400px; float:left;\"><\/div>\n<p>&nbsp;<\/p>\n<p>Kontakty na pracovn\u00edky pobo\u010dky:<\/p>\n<table>\n<tbody>\n<tr>\n<td style=\"text-align: justify;\" width=\"40%\">\n<p style=\"text-align: left;\"><strong>Miroslav Hoz\u00e1k<\/strong><br \/>\nvedouc\u00ed pobo\u010dky<\/p>\n<p style=\"text-align: left;\">mail: <a href=\"mailto:miroslav.hozak@geodezie-brno.cz\">miroslav.hozak(at)geodezie-brno.cz<\/a><br \/>\nmobil: +420 602 749 258<\/p>\n<\/td>\n<td style=\"text-align: left;\" width=\"30%\"><img loading=\"lazy\" decoding=\"async\" class=\"size-full wp-image-804 alignnone\" src=\"http:\/\/www.gb-geodezie.cz\/wp-content\/uploads\/2016\/02\/hozak_miroslav.jpg\" alt=\"Hoz\u00e1k Miroslav\" width=\"140\" height=\"180\" \/><\/td>\n<\/tr>\n<tr>\n<td style=\"text-align: justify;\" width=\"40%\">\n<p style=\"text-align: left;\"><strong>Simona Rybov\u00e1<\/strong><\/p>\n<p>mail: <a href=\"mailto:simona.rybova@geodezie-brno.cz\">simona.rybova(at)geodezie-brno.cz <\/a><br \/>\nmobil: +420 725 756 259<\/td>\n<td style=\"text-align: left;\" width=\"30%\"><img loading=\"lazy\" decoding=\"async\" class=\"size-full wp-image-1067 alignnone\" src=\"http:\/\/www.gb-geodezie.cz\/wp-content\/uploads\/2016\/02\/rybova_simona.jpg\" alt=\"Rybov\u00e1 Simona\" width=\"140\" height=\"180\" \/><\/td>\n<\/tr>\n<\/tbody>\n<\/table>\n","protected":false},"excerpt":{"rendered":"<p>Pobo\u010dka Opava adresa: Kom\u00e1rovsk\u00e1\u00a02 746 01 Opava49.9374839N, 17.9118139E kontakt: tel: +420 602 749 258 mail: opava(at)geodezie-brno.cz hlavn\u00ed \u010dinnosti: podpora MISYS identifika\u010dn\u00ed \u010d\u00edslo provozovny: 1010769910 &nbsp; Kontakty na pracovn\u00edky pobo\u010dky: Miroslav Hoz\u00e1k vedouc\u00ed pobo\u010dky mail: miroslav.hozak(at)geodezie-brno.cz mobil: +420 602 749 258&hellip; <\/p>\n","protected":false},"author":1,"featured_media":0,"parent":10,"menu_order":401,"comment_status":"closed","ping_status":"closed","template":"","meta":{"ngg_post_thumbnail":0,"footnotes":""},"class_list":["post-798","page","type-page","status-publish","hentry"],"_links":{"self":[{"href":"https:\/\/www.gb-geodezie.cz\/index.php?rest_route=\/wp\/v2\/pages\/798"}],"collection":[{"href":"https:\/\/www.gb-geodezie.cz\/index.php?rest_route=\/wp\/v2\/pages"}],"about":[{"href":"https:\/\/www.gb-geodezie.cz\/index.php?rest_route=\/wp\/v2\/types\/page"}],"author":[{"embeddable":true,"href":"https:\/\/www.gb-geodezie.cz\/index.php?rest_route=\/wp\/v2\/users\/1"}],"replies":[{"embeddable":true,"href":"https:\/\/www.gb-geodezie.cz\/index.php?rest_route=%2Fwp%2Fv2%2Fcomments&post=798"}],"version-history":[{"count":36,"href":"https:\/\/www.gb-geodezie.cz\/index.php?rest_route=\/wp\/v2\/pages\/798\/revisions"}],"predecessor-version":[{"id":1597,"href":"https:\/\/www.gb-geodezie.cz\/index.php?rest_route=\/wp\/v2\/pages\/798\/revisions\/1597"}],"up":[{"embeddable":true,"href":"https:\/\/www.gb-geodezie.cz\/index.php?rest_route=\/wp\/v2\/pages\/10"}],"wp:attachment":[{"href":"https:\/\/www.gb-geodezie.cz\/index.php?rest_route=%2Fwp%2Fv2%2Fmedia&parent=798"}],"curies":[{"name":"wp","href":"https:\/\/api.w.org\/{rel}","templated":true}]}}