
{"id":354,"date":"2016-01-28T15:17:19","date_gmt":"2016-01-28T14:17:19","guid":{"rendered":"http:\/\/10.10.20.35\/?page_id=354"},"modified":"2022-02-03T21:45:37","modified_gmt":"2022-02-03T20:45:37","slug":"inzenyrska-geodezie","status":"publish","type":"page","link":"https:\/\/www.gb-geodezie.cz\/?page_id=354","title":{"rendered":"In\u017een\u00fdrsk\u00e1 geod\u00e9zie"},"content":{"rendered":"<p><strong><a href=\"http:\/\/www.gb-geodezie.cz\/?page_id=317\">Geod\u00e9zie<\/a> <span style=\"font-size: small;\">&nbsp;\u00bb&nbsp;<\/span> In\u017een\u00fdrsk\u00e1 geod\u00e9zie<\/strong><\/p>\n<p>Vysok\u00e1 p\u0159esnost a nejlep\u0161\u00ed odborn\u00edci garantuj\u00ed geodetick\u00e9 pr\u00e1ce v investi\u010dn\u00ed v\u00fdstavb\u011b. V in\u017een\u00fdrsk\u00e9 geod\u00e9zii poskytujeme cel\u00e9 spektrum profesion\u00e1ln\u00edch slu\u017eeb.<\/p>\n<p><b>Spr\u00e1vc\u016fm in\u017een\u00fdrsk\u00fdch s\u00edt\u00ed nab\u00edz\u00edme:<\/b><\/p>\n<ul>\n<li>vyty\u010den\u00ed pr\u016fb\u011bhu in\u017een\u00fdrsk\u00fdch s\u00edt\u00ed na z\u00e1klad\u011b dodan\u00fdch mapov\u00fdch podklad\u016f nebo vyhled\u00e1n\u00ed podzemn\u00edch veden\u00ed (pro tyto \u00fa\u010dely disponujeme speci\u00e1ln\u00edmi hleda\u010dkami),<\/li>\n<li>dokumentaci skute\u010dn\u00e9ho proveden\u00ed in\u017een\u00fdrsk\u00fdch s\u00edt\u00ed dle sm\u011brnic jednotliv\u00fdch spr\u00e1vc\u016f.<\/li>\n<\/ul>\n<p><b>Pro stavebn\u00ed pr\u00e1ce nab\u00edz\u00edme <\/b><\/p>\n<ul>\n<li>zam\u011b\u0159en\u00ed a vyhotoven\u00ed stavebn\u00ed dokumentace<\/li>\n<li>zam\u011b\u0159en\u00ed pod\u00e9ln\u00fdch a p\u0159\u00ed\u010dn\u00fdch profil\u016f liniov\u00fdch staveb<\/li>\n<li>v\u00fdpo\u010dty kubatur<\/li>\n<\/ul>\n<p><b>&#8222;Speci\u00e1ln\u00ed&#8220; a velmi p\u0159esn\u00e9 pr\u00e1ce <\/b><br \/>\nV in\u017een\u00fdrsk\u00e9 geod\u00e9zii um\u00edme tak\u00e9 &#8222;speci\u00e1ln\u00ed&#8220; a velmi p\u0159esn\u00e9 pr\u00e1ce:<\/p>\n<ul>\n<li>n\u00e1vrh a z\u0159\u00edzen\u00ed vyty\u010dovac\u00ed s\u00edt\u011b na stavby,<\/li>\n<li>vyty\u010den\u00ed prostorov\u00e9 polohy bodu,<\/li>\n<li>vyty\u010dovan\u00ed podrobn\u00fdch bod\u016f na stavb\u00e1ch,<\/li>\n<li>sledov\u00e1n\u00ed vertik\u00e1ln\u00edch a horizont\u00e1ln\u00edch posun\u016f,<\/li>\n<li>zam\u011b\u0159ov\u00e1n\u00ed a v\u00fdpo\u010dty geometrick\u00fdch parametr\u016f je\u0159\u00e1bov\u00fdch drah,<\/li>\n<li>zam\u011b\u0159ov\u00e1n\u00ed p\u0159i mont\u00e1\u017en\u00edch prac\u00edch (nap\u0159. mosty),<\/li>\n<li>m\u011b\u0159en\u00ed v tunelech a podzem\u00ed.<\/li>\n<\/ul>\n<p>N\u00e1\u0161 geodetick\u00fd t\u00fdm tvo\u0159\u00ed odborn\u00edci na jednotliv\u00e9 oblasti a skupiny autorizovan\u00fdch geodetick\u00fdch in\u017een\u00fdr\u016f v\u010detn\u011b geodeta s opr\u00e1vn\u011bn\u00edm: <b>hlavn\u00ed d\u016fln\u00ed m\u011b\u0159i\u010d<\/b>.<\/p>\n","protected":false},"excerpt":{"rendered":"<p>Geod\u00e9zie &nbsp;\u00bb&nbsp; In\u017een\u00fdrsk\u00e1 geod\u00e9zie Vysok\u00e1 p\u0159esnost a nejlep\u0161\u00ed odborn\u00edci garantuj\u00ed geodetick\u00e9 pr\u00e1ce v investi\u010dn\u00ed v\u00fdstavb\u011b. V in\u017een\u00fdrsk\u00e9 geod\u00e9zii poskytujeme cel\u00e9 spektrum profesion\u00e1ln\u00edch slu\u017eeb. Spr\u00e1vc\u016fm in\u017een\u00fdrsk\u00fdch s\u00edt\u00ed nab\u00edz\u00edme: vyty\u010den\u00ed pr\u016fb\u011bhu in\u017een\u00fdrsk\u00fdch s\u00edt\u00ed na z\u00e1klad\u011b dodan\u00fdch mapov\u00fdch podklad\u016f nebo vyhled\u00e1n\u00ed podzemn\u00edch veden\u00ed&hellip; <\/p>\n","protected":false},"author":1,"featured_media":0,"parent":317,"menu_order":21,"comment_status":"closed","ping_status":"closed","template":"","meta":{"ngg_post_thumbnail":0,"footnotes":""},"class_list":["post-354","page","type-page","status-publish","hentry"],"_links":{"self":[{"href":"https:\/\/www.gb-geodezie.cz\/index.php?rest_route=\/wp\/v2\/pages\/354"}],"collection":[{"href":"https:\/\/www.gb-geodezie.cz\/index.php?rest_route=\/wp\/v2\/pages"}],"about":[{"href":"https:\/\/www.gb-geodezie.cz\/index.php?rest_route=\/wp\/v2\/types\/page"}],"author":[{"embeddable":true,"href":"https:\/\/www.gb-geodezie.cz\/index.php?rest_route=\/wp\/v2\/users\/1"}],"replies":[{"embeddable":true,"href":"https:\/\/www.gb-geodezie.cz\/index.php?rest_route=%2Fwp%2Fv2%2Fcomments&post=354"}],"version-history":[{"count":9,"href":"https:\/\/www.gb-geodezie.cz\/index.php?rest_route=\/wp\/v2\/pages\/354\/revisions"}],"predecessor-version":[{"id":1530,"href":"https:\/\/www.gb-geodezie.cz\/index.php?rest_route=\/wp\/v2\/pages\/354\/revisions\/1530"}],"up":[{"embeddable":true,"href":"https:\/\/www.gb-geodezie.cz\/index.php?rest_route=\/wp\/v2\/pages\/317"}],"wp:attachment":[{"href":"https:\/\/www.gb-geodezie.cz\/index.php?rest_route=%2Fwp%2Fv2%2Fmedia&parent=354"}],"curies":[{"name":"wp","href":"https:\/\/api.w.org\/{rel}","templated":true}]}}