
{"id":291,"date":"2016-01-26T18:32:50","date_gmt":"2016-01-26T17:32:50","guid":{"rendered":"http:\/\/10.10.20.35\/?page_id=291"},"modified":"2022-02-03T22:01:07","modified_gmt":"2022-02-03T21:01:07","slug":"naroky","status":"publish","type":"page","link":"https:\/\/www.gb-geodezie.cz\/?page_id=291","title":{"rendered":"N\u00e1roky"},"content":{"rendered":"<p><strong><a href=\"http:\/\/www.gb-geodezie.cz\/?page_id=215\">Pozemkov\u00e9 \u00fapravy<\/a><strong>\u00a0<\/strong><span style=\"font-size: small;\">\u00bb <\/span>N\u00e1roky<\/strong><\/p>\n<p>Vlastn\u00edk\u016fm jsou rozesl\u00e1ny soupisy n\u00e1rok\u016f (p\u0159ehled vlastnictv\u00ed v p\u0159\u00edslu\u0161n\u00e9m \u00fazem\u00ed). C\u00edlem p\u0159i jejich n\u00e1sledn\u00e9m projedn\u00e1n\u00ed je p\u0159edev\u0161\u00edm shrom\u00e1\u017edit ve\u0161ker\u00e9 po\u017eadavky a p\u0159ipom\u00ednky vlastn\u00edk\u016f.<\/p>\n<p>Jedn\u00edm z nejd\u016fle\u017eit\u011bj\u0161\u00edch jedn\u00e1n\u00ed z pohledu zpracovatele je tzv. projedn\u00e1n\u00ed n\u00e1rok\u016f. Tomu p\u0159edch\u00e1z\u00ed rozesl\u00e1n\u00ed \u201en\u00e1rokov\u00fdch list\u016f\u201c v\u0161em dot\u010den\u00fdm vlastn\u00edk\u016fm s v\u00fdpisem v\u0161ech pozemk\u016f v katastr\u00e1ln\u00edm \u00fazem\u00ed s roz\u010dlen\u011bn\u00edm na pozemky zahrnut\u00e9 do pozemkov\u00e9 \u00fapravy a pozemky vylou\u010den\u00e9. V tomto n\u00e1rokov\u00e9m listu lze vy\u010d\u00edst i detailn\u00ed informace o zahrnut\u00fdch pozemc\u00edch, p\u0159edev\u0161\u00edm v\u00fdm\u011bru, cenu a vzd\u00e1lenost. P\u0159i tomto osobn\u00edm jedn\u00e1n\u00ed jsou jednotliv\u00fdm vlastn\u00edk\u016fm zobrazeny jejich st\u00e1vaj\u00edc\u00ed pozemky v katastr\u00e1ln\u00ed map\u011b a jsou informov\u00e1ni, co lze v r\u00e1mci pozemkov\u00fdch \u00faprav s jejich pozemky konat (scelen\u00ed, rozd\u011blen\u00ed, p\u0159esun ad.). Hlavn\u00edm c\u00edlem je z\u00edskat maximum informac\u00ed od vlastn\u00edk\u016f, jejich n\u00e1zory a po\u017eadavky. Ty pak slou\u017e\u00ed jako nejv\u00fdznamn\u011bj\u0161\u00ed podklad pro zpracov\u00e1n\u00ed n\u00e1vrhu pozemkov\u00e9 \u00fapravy, po\u017eadavky se sna\u017e\u00edme v maxim\u00e1ln\u00ed m\u00ed\u0159e zapracovat. Ve\u0161ker\u00e9 informace jsou seps\u00e1ny s vlastn\u00edkem do p\u0159ipraven\u00e9ho dotazn\u00edku, kter\u00fd je rozes\u00edl\u00e1n zpravidla s pozv\u00e1nkou na projedn\u00e1n\u00ed n\u00e1rok\u016f.<\/p>\n<p>Jednotliv\u00e9 pozemky jsou pro \u00fa\u010dely pozemkov\u00e9 \u00fapravy ocen\u011bny z\u00e1kladn\u00ed cenou odvozenou dle bonity p\u016fdy. Trval\u00e9 porosty jsou ocen\u011bny pouze pr\u016fm\u011brn\u00fdmi cenami pro vybran\u00e9 lokality. Vzd\u00e1lenost\u00ed uvedenou v n\u00e1rokov\u00e9m list\u011b se rozum\u00ed pr\u016fm\u011brn\u00e1 d\u00e9lka jednotliv\u00fdch pozemk\u016f od p\u0159edem ur\u010den\u00e9ho bodu (v\u011bt\u0161inou kostela v p\u0159\u00edslu\u0161n\u00e9 obci). <strong>Ocen\u011bn\u00ed slou\u017e\u00ed pouze pro \u00fa\u010dely pozemkov\u00e9 \u00fapravy!<\/strong><\/p>\n<p>V p\u0159\u00edpad\u011b zji\u0161t\u011bn\u00e9ho rozd\u00edlu mezi v\u00fdm\u011brou obvodu pozemkov\u00fdch \u00faprav vypo\u010dtenou ze sou\u0159adnic a v\u00fdm\u011brou podle katastru nemovitost\u00ed se n\u00e1roky vlastn\u00edk\u016f \u00fam\u011brn\u011b upravuj\u00ed, aby byl rozd\u00edl upraven. Pro tyto \u00fa\u010dely je spo\u010dten \u201ekoeficient\u201c, kter\u00fdm jsou kr\u00e1ceny souhrnn\u00e1 v\u00fdm\u011bra a cena.<\/p>\n<p><b><strong>Pasivita vlastn\u00edka neznamen\u00e1, \u017ee jeho pozemky z\u016fstanou automaticky na m\u00edst\u011b! Pokud hodl\u00e1te pozemky prodat, u\u010di\u0148te tak nyn\u00ed nebo po ukon\u010den\u00ed KP\u00da! Prodej pozemk\u016f v z\u00e1v\u011bre\u010dn\u00e9 f\u00e1zi zpracov\u00e1n\u00ed n\u00e1vrhu KP\u00da z\u00e1sadn\u00edm zp\u016fsobem komplikuje na\u0161i pr\u00e1ci.<\/strong><\/b><\/p>\n<p><strong>Souvisej\u00edc\u00ed dokumenty:<\/strong><\/p>\n<ul>\n<li><span style=\"text-decoration: underline;\"><a href=\"http:\/\/www.gb-geodezie.cz\/wp-content\/uploads\/2016\/01\/dotaznik_projednani_naroku.doc\">dotazn\u00edk projedn\u00e1n\u00ed n\u00e1rok\u016f<\/a><\/span><\/li>\n<li><span style=\"text-decoration: underline;\"><a href=\"http:\/\/www.gb-geodezie.cz\/wp-content\/uploads\/2016\/01\/plna_moc_cela_pozemkova_uprava.doc\">pln\u00e1 moc cel\u00e1 pozemkov\u00e1 \u00faprava<\/a><\/span><\/li>\n<\/ul>\n","protected":false},"excerpt":{"rendered":"<p>Pozemkov\u00e9 \u00fapravy\u00a0\u00bb N\u00e1roky Vlastn\u00edk\u016fm jsou rozesl\u00e1ny soupisy n\u00e1rok\u016f (p\u0159ehled vlastnictv\u00ed v p\u0159\u00edslu\u0161n\u00e9m \u00fazem\u00ed). C\u00edlem p\u0159i jejich n\u00e1sledn\u00e9m projedn\u00e1n\u00ed je p\u0159edev\u0161\u00edm shrom\u00e1\u017edit ve\u0161ker\u00e9 po\u017eadavky a p\u0159ipom\u00ednky vlastn\u00edk\u016f. Jedn\u00edm z nejd\u016fle\u017eit\u011bj\u0161\u00edch jedn\u00e1n\u00ed z pohledu zpracovatele je tzv. projedn\u00e1n\u00ed n\u00e1rok\u016f. Tomu p\u0159edch\u00e1z\u00ed rozesl\u00e1n\u00ed&hellip; <\/p>\n","protected":false},"author":1,"featured_media":0,"parent":215,"menu_order":86,"comment_status":"closed","ping_status":"closed","template":"","meta":{"ngg_post_thumbnail":0,"footnotes":""},"class_list":["post-291","page","type-page","status-publish","hentry"],"_links":{"self":[{"href":"https:\/\/www.gb-geodezie.cz\/index.php?rest_route=\/wp\/v2\/pages\/291"}],"collection":[{"href":"https:\/\/www.gb-geodezie.cz\/index.php?rest_route=\/wp\/v2\/pages"}],"about":[{"href":"https:\/\/www.gb-geodezie.cz\/index.php?rest_route=\/wp\/v2\/types\/page"}],"author":[{"embeddable":true,"href":"https:\/\/www.gb-geodezie.cz\/index.php?rest_route=\/wp\/v2\/users\/1"}],"replies":[{"embeddable":true,"href":"https:\/\/www.gb-geodezie.cz\/index.php?rest_route=%2Fwp%2Fv2%2Fcomments&post=291"}],"version-history":[{"count":14,"href":"https:\/\/www.gb-geodezie.cz\/index.php?rest_route=\/wp\/v2\/pages\/291\/revisions"}],"predecessor-version":[{"id":1549,"href":"https:\/\/www.gb-geodezie.cz\/index.php?rest_route=\/wp\/v2\/pages\/291\/revisions\/1549"}],"up":[{"embeddable":true,"href":"https:\/\/www.gb-geodezie.cz\/index.php?rest_route=\/wp\/v2\/pages\/215"}],"wp:attachment":[{"href":"https:\/\/www.gb-geodezie.cz\/index.php?rest_route=%2Fwp%2Fv2%2Fmedia&parent=291"}],"curies":[{"name":"wp","href":"https:\/\/api.w.org\/{rel}","templated":true}]}}