
{"id":2,"date":"2016-01-21T15:34:17","date_gmt":"2016-01-21T14:34:17","guid":{"rendered":"http:\/\/10.10.20.35\/?page_id=2"},"modified":"2024-07-21T19:55:29","modified_gmt":"2024-07-21T18:55:29","slug":"zkusebni-stranka","status":"publish","type":"page","link":"https:\/\/www.gb-geodezie.cz\/","title":{"rendered":"O n\u00e1s"},"content":{"rendered":"<h5>O spole\u010dnosti GB-geodezie, spol. s r.o.<\/h5>\n<p>GB-geodezie, spol. s r.o. je jedn\u00edm z nejv\u011bt\u0161\u00edch dodavatel\u016f geodetick\u00fdch prac\u00ed v \u010cR, a pro va\u0161e pot\u0159eby a pro va\u0161e spr\u00e1vn\u00e9 rozhodov\u00e1n\u00ed v\u00e1m nab\u00edz\u00ed komplexn\u00ed nab\u00eddku geodetick\u00fdch prac\u00ed a slu\u017eeb od t\u011bch nejmen\u0161\u00edch geometrick\u00fdch pl\u00e1n\u016f a\u017e po implementace geografick\u00fdch informa\u010dn\u00edch syst\u00e9m\u016f nad rozs\u00e1hl\u00fdmi datov\u00fdmi sklady.<\/p>\n<p><strong>Pokud pot\u0159ebujete n\u011bkterou z\u00a0n\u00e1sleduj\u00edc\u00edch slu\u017eeb, kontaktujte n\u00e1s a my V\u00e1m pom\u016f\u017eeme.<\/strong><\/p>\n<p><img loading=\"lazy\" decoding=\"async\" class=\"size-medium wp-image-32 alignright\" src=\"https:\/\/www.gb-geodezie.cz\/wp-content\/uploads\/2016\/01\/create_photo-236x300.jpg\" alt=\"create_photo\" width=\"236\" height=\"300\" srcset=\"https:\/\/www.gb-geodezie.cz\/wp-content\/uploads\/2016\/01\/create_photo-236x300.jpg 236w, https:\/\/www.gb-geodezie.cz\/wp-content\/uploads\/2016\/01\/create_photo.jpg 260w\" sizes=\"(max-width: 236px) 100vw, 236px\" \/><\/p>\n<ul>\n<li>geometrick\u00fd pl\u00e1n<\/li>\n<li>vyty\u010den\u00ed hranice<\/li>\n<li>zam\u011b\u0159en\u00ed stavby<\/li>\n<li>odd\u011blen\u00ed pozemku<\/li>\n<li>\u0159e\u0161it v\u011bcn\u00e9 b\u0159emeno<\/li>\n<li>podklady pro projekt<\/li>\n<li>zam\u011b\u0159en\u00ed p\u0159\u00edpojky<\/li>\n<li>pasportizace budov, zelen\u011b, dopravn\u00edho zna\u010den\u00ed, mobili\u00e1\u0159e<\/li>\n<li>ur\u010den\u00ed kubatur<\/li>\n<li>zam\u011b\u0159en\u00ed je\u0159\u00e1bov\u00e9 dr\u00e1hy<\/li>\n<li>geografick\u00fd informa\u010dn\u00ed syst\u00e9m<\/li>\n<li>korek\u010dn\u00ed GPS data pro p\u0159esn\u00e9 ur\u010dov\u00e1n\u00ed polohy<\/li>\n<\/ul>\n<p><strong>Na\u0161e slu\u017eby a produkty<\/strong><\/p>\n<ul>\n<li>pr\u00e1ce v katastru nemovitost\u00ed<\/li>\n<li>komplexn\u00ed slu\u017eby pro pozemkov\u00e9 \u00fapravy<\/li>\n<li>technick\u00e9 mapy m\u011bst, spr\u00e1va datov\u00fdch sklad\u016f<\/li>\n<li>pasportizace<\/li>\n<li>pasportizace budov a podpora facility managementu<\/li>\n<li>pro m\u011bsta a obce \u2013 pasport komunikac\u00ed, zelen\u011b, mobili\u00e1\u0159e, dopravn\u00edho zna\u010den\u00ed<\/li>\n<li>in\u017een\u00fdrsk\u00e1 geod\u00e9zie a speci\u00e1ln\u00ed pr\u00e1ce<\/li>\n<li>podpora projek\u010dn\u00edch a stavebn\u00edch prac\u00ed<\/li>\n<li>skenov\u00e1n\u00ed a kop\u00edrov\u00e1n\u00ed (atest \u010c\u00daZK, barevn\u011b, A1, A0+)<\/li>\n<li>ortofoto \u010cesk\u00e9 republiky<\/li>\n<li>digit\u00e1ln\u00ed model ter\u00e9nu \u010cR<\/li>\n<li>pozemn\u00ed laserov\u00e9 skenov\u00e1n\u00ed stacion\u00e1rn\u00edmi nebo mobiln\u00edmi skenery<\/li>\n<li>leteck\u00e9 laserov\u00e9 skenov\u00e1n\u00ed<\/li>\n<li>mobiln\u00ed mapov\u00e1n\u00ed<\/li>\n<li>TopNET \u2013 korek\u010dn\u00ed data pro GPS p\u0159\u00edstroje<\/li>\n<li>MISYS \u2013 GIS pro m\u011bsta a obce<\/li>\n<\/ul>\n<p><strong>GB \u2013 geodezie, spol. s r.o.<\/strong>\u00a0byla zaps\u00e1na v Obchodn\u00edm rejst\u0159\u00edku veden\u00e9ho u Krajsk\u00e9ho soudu v Brn\u011b dne 12.12.2001 jako pr\u00e1vn\u00ed n\u00e1stupce firmy Geodezie Brno, a.s. v oblasti geodetick\u00fdch prac\u00ed. Na\u0161e firma je jednou z v\u011bt\u0161\u00edch geodetick\u00fdch spole\u010dnost\u00ed v \u010cesk\u00e9 republice, a to jak z pohledu obratu nebo po\u010dtu zam\u011bstnanc\u016f, tak z pohledu profesn\u00edho z\u00e1b\u011bru. <\/p>\n<p>&nbsp;<\/p>\n<p><strong>Na\u0161e obchodn\u00ed strategie a spolupr\u00e1ce s na\u0161imi partnery se op\u00edr\u00e1 o 3 z\u00e1kladn\u00ed body<\/strong><\/p>\n<ol>\n<li>orientace na skute\u010dn\u011b komplexn\u00ed dod\u00e1vky slu\u017eeb v oboru geod\u00e9zie a na snahu o dlouhodobou spolupr\u00e1ci s klienty. Op\u00edr\u00e1me se o velmi dobrou znalost \u0159e\u0161en\u00e9 problematiky a na dlouhodob\u00e9 zku\u0161enosti pracovn\u00edk\u016f realiza\u010dn\u00edch t\u00fdm\u016f<\/li>\n<li>b\u00fdt v\u017edy bl\u00edzko pot\u0159eb\u00e1m na\u0161ich z\u00e1kazn\u00edk\u016f a to nejen nap\u0159. technologicky, ale i geograficky. Organiza\u010dn\u00ed uspo\u0159\u00e1d\u00e1n\u00ed je proto divizion\u00e1ln\u00ed s <strong><a href=\"https:\/\/www.gb-geodezie.cz\/?page_id=10\">\u0161esti pracovi\u0161ti v jednotliv\u00fdch regionech<\/a><\/strong> zejm\u00e9na (ale nejen..) \u201emoravsk\u00fdch\u201c kraj\u016f<\/li>\n<li>(a to je nejd\u016fle\u017eit\u011bj\u0161\u00ed&#8230;) je snaha napl\u0148ovat firemn\u00ed kr\u00e9do GB-geodezie &#8211; V\u00e1\u0161 spolehliv\u00fd partner.<\/li>\n<\/ol>\n<p>&nbsp;<\/p>\n<p>Na ja\u0159e 2004 byl ve firm\u011b \u00fasp\u011b\u0161n\u011b certifikov\u00e1n syst\u00e9m managementu jakosti dle normy <strong>\u010cSN EN ISO 9001:2009<\/strong>. Sna\u017e\u00edme se b\u00fdt ohledupln\u00ed i k \u017eivotn\u00edmu prost\u0159ed\u00ed &#8211; roce 2008 byl ve firm\u011b certifikov\u00e1n syst\u00e9m environment\u00e1ln\u00edho managementu dle normy <strong>\u010cSN EN ISO 14001:2005<\/strong>.<\/p>\n<p><!-- index.php -->\n<div\n\tclass=\"ngg-galleryoverview\n\t ngg-ajax-pagination-none\t\"\n\tid=\"ngg-gallery-a04acc54c5ad27a38b647b56033657ae-1\">\n\n\t\t\t<!-- Thumbnails -->\n\t\t\t\t<div id=\"ngg-image-0\" class=\"ngg-gallery-thumbnail-box\"\n\t\t\t\t\t\t\t\t\t\t\t>\n\t\t\t\t\t\t<div class=\"ngg-gallery-thumbnail\">\n\t\t\t<a href=\"https:\/\/www.gb-geodezie.cz\/wp-content\/gallery\/web\/ISO_9001.jpg\"\n\t\t\t\ttitle=\"\"\n\t\t\t\tdata-src=\"https:\/\/www.gb-geodezie.cz\/wp-content\/gallery\/web\/ISO_9001.jpg\"\n\t\t\t\tdata-thumbnail=\"https:\/\/www.gb-geodezie.cz\/wp-content\/gallery\/web\/thumbs\/thumbs_ISO_9001.jpg\"\n\t\t\t\tdata-image-id=\"13\"\n\t\t\t\tdata-title=\"ISO_9001\"\n\t\t\t\tdata-description=\"\"\n\t\t\t\tdata-image-slug=\"iso_9001\"\n\t\t\t\t\t\t\t\t\t\t\t\t\t\t\t\t\t\t\t\tclass=\"shutterset_a04acc54c5ad27a38b647b56033657ae\">\n\t\t\t\t\t\t\t\t<img\n\t\t\t\t\ttitle=\"ISO_9001\"\n\t\t\t\t\talt=\"ISO_9001\"\n\t\t\t\t\tsrc=\"https:\/\/www.gb-geodezie.cz\/wp-content\/gallery\/web\/thumbs\/thumbs_ISO_9001.jpg\"\n\t\t\t\t\twidth=\"240\"\n\t\t\t\t\theight=\"160\"\n\t\t\t\t\tstyle=\"max-width:100%;\"\n\t\t\t\t\/>\n\t\t\t<\/a>\n\t\t<\/div>\n\t\t\t\t\t\t\t<\/div>\n\t\t\t\n\t\t\n\t\t\t\t<div id=\"ngg-image-1\" class=\"ngg-gallery-thumbnail-box\"\n\t\t\t\t\t\t\t\t\t\t\t>\n\t\t\t\t\t\t<div class=\"ngg-gallery-thumbnail\">\n\t\t\t<a href=\"https:\/\/www.gb-geodezie.cz\/wp-content\/gallery\/web\/ISO_14001.jpg\"\n\t\t\t\ttitle=\"\"\n\t\t\t\tdata-src=\"https:\/\/www.gb-geodezie.cz\/wp-content\/gallery\/web\/ISO_14001.jpg\"\n\t\t\t\tdata-thumbnail=\"https:\/\/www.gb-geodezie.cz\/wp-content\/gallery\/web\/thumbs\/thumbs_ISO_14001.jpg\"\n\t\t\t\tdata-image-id=\"14\"\n\t\t\t\tdata-title=\"ISO_14001\"\n\t\t\t\tdata-description=\"\"\n\t\t\t\tdata-image-slug=\"iso_14001\"\n\t\t\t\t\t\t\t\t\t\t\t\t\t\t\t\t\t\t\t\tclass=\"shutterset_a04acc54c5ad27a38b647b56033657ae\">\n\t\t\t\t\t\t\t\t<img\n\t\t\t\t\ttitle=\"ISO_14001\"\n\t\t\t\t\talt=\"ISO_14001\"\n\t\t\t\t\tsrc=\"https:\/\/www.gb-geodezie.cz\/wp-content\/gallery\/web\/thumbs\/thumbs_ISO_14001.jpg\"\n\t\t\t\t\twidth=\"240\"\n\t\t\t\t\theight=\"160\"\n\t\t\t\t\tstyle=\"max-width:100%;\"\n\t\t\t\t\/>\n\t\t\t<\/a>\n\t\t<\/div>\n\t\t\t\t\t\t\t<\/div>\n\t\t\t\n\t\t\n\t\t\n\t\t<!-- Pagination -->\n\t\t<div class='ngg-clear'><\/div>\t<\/div>\n<\/p>\n","protected":false},"excerpt":{"rendered":"<p>O spole\u010dnosti GB-geodezie, spol. s r.o. GB-geodezie, spol. s r.o. je jedn\u00edm z nejv\u011bt\u0161\u00edch dodavatel\u016f geodetick\u00fdch prac\u00ed v \u010cR, a pro va\u0161e pot\u0159eby a pro va\u0161e spr\u00e1vn\u00e9 rozhodov\u00e1n\u00ed v\u00e1m nab\u00edz\u00ed komplexn\u00ed nab\u00eddku geodetick\u00fdch prac\u00ed a slu\u017eeb od t\u011bch nejmen\u0161\u00edch geometrick\u00fdch&hellip; <\/p>\n","protected":false},"author":1,"featured_media":0,"parent":0,"menu_order":1,"comment_status":"closed","ping_status":"open","template":"","meta":{"ngg_post_thumbnail":0,"footnotes":""},"class_list":["post-2","page","type-page","status-publish","hentry"],"_links":{"self":[{"href":"https:\/\/www.gb-geodezie.cz\/index.php?rest_route=\/wp\/v2\/pages\/2"}],"collection":[{"href":"https:\/\/www.gb-geodezie.cz\/index.php?rest_route=\/wp\/v2\/pages"}],"about":[{"href":"https:\/\/www.gb-geodezie.cz\/index.php?rest_route=\/wp\/v2\/types\/page"}],"author":[{"embeddable":true,"href":"https:\/\/www.gb-geodezie.cz\/index.php?rest_route=\/wp\/v2\/users\/1"}],"replies":[{"embeddable":true,"href":"https:\/\/www.gb-geodezie.cz\/index.php?rest_route=%2Fwp%2Fv2%2Fcomments&post=2"}],"version-history":[{"count":64,"href":"https:\/\/www.gb-geodezie.cz\/index.php?rest_route=\/wp\/v2\/pages\/2\/revisions"}],"predecessor-version":[{"id":1607,"href":"https:\/\/www.gb-geodezie.cz\/index.php?rest_route=\/wp\/v2\/pages\/2\/revisions\/1607"}],"wp:attachment":[{"href":"https:\/\/www.gb-geodezie.cz\/index.php?rest_route=%2Fwp%2Fv2%2Fmedia&parent=2"}],"curies":[{"name":"wp","href":"https:\/\/api.w.org\/{rel}","templated":true}]}}