
{"id":198,"date":"2016-01-26T14:25:16","date_gmt":"2016-01-26T13:25:16","guid":{"rendered":"http:\/\/10.10.20.35\/?page_id=198"},"modified":"2026-03-15T18:19:34","modified_gmt":"2026-03-15T17:19:34","slug":"geodet-brno","status":"publish","type":"page","link":"https:\/\/www.gb-geodezie.cz\/?page_id=198","title":{"rendered":"Geodet (Brno)"},"content":{"rendered":"<p><strong>Hled\u00e1me geodeta, kter\u00fd z m\u011b\u0159en\u00ed v ter\u00e9nu dok\u00e1\u017ee vyhodnotit data a vytvo\u0159it mapov\u00e9 podklady nebo geodetickou dokumentaci podle sm\u011brnic.<\/strong><\/p>\n<p>Vid\u00ed\u0161 smysl v pr\u00e1ci, kter\u00e1 je opravdu vid\u011bt? Chce\u0161 b\u00fdt u projekt\u016f, kter\u00e9 m\u011bn\u00ed krajinu \u2014 od dopravn\u00edch staveb p\u0159es pozemkov\u00e9 \u00fapravy a\u017e po protipovod\u0148ov\u00e1 opat\u0159en\u00ed?<br \/>\nPokud se dok\u00e1\u017ee\u0161 op\u0159\u00edt o zku\u0161enosti, pe\u010dlivost a zodpov\u011bdnost, mo\u017en\u00e1 jsi n\u00e1\u0161 nov\u00fd kolega nebo kolegyn\u011b.<\/p>\n<p><strong>Pro\u010d u n\u00e1s?<\/strong><\/p>\n<ul>\n<li>D\u011bl\u00e1me prakticky v\u0161e, co souvis\u00ed s geodezi\u00ed.<\/li>\n<li>Hodn\u011b inovujeme technologie \u2014 pokud t\u011b to bav\u00ed, m\u016f\u017ee\u0161 testovat nov\u00e9 p\u0159\u00edstroje a software.<\/li>\n<li>Ob\u010das m\u016f\u017ee\u0161 vyjet do ter\u00e9nu, co\u017e p\u0159\u00edjemn\u011b st\u0159\u00edd\u00e1 kancel\u00e1\u0159skou pr\u00e1ci.<\/li>\n<\/ul>\n<p><strong>Co od tebe o\u010dek\u00e1v\u00e1me?<\/strong><\/p>\n<ul>\n<li><strong>P\u0159esn\u00e9 a spolehliv\u00e9 v\u00fdstupy z ter\u00e9nn\u00edho m\u011b\u0159en\u00ed<\/strong>, na kter\u00e9 se mohou bez obav spolehnout projektanti, kolegov\u00e9 i objednatel\u00e9.<\/li>\n<li><strong>Kompletn\u00ed a spr\u00e1vn\u011b vypracovanou geodetickou dokumentaci<\/strong>, p\u0159esn\u011b podle sm\u011brnic i po\u017eadavk\u016f konkr\u00e9tn\u00edch projekt\u016f.<\/li>\n<li><strong>Zak\u00e1zky, kter\u00e9 zvl\u00e1dne\u0161 od zad\u00e1n\u00ed po odevzd\u00e1n\u00ed<\/strong> \u2014 d\u00edky tomu, \u017ee si v\u0161e pot\u0159ebn\u00e9 vykomunikuje\u0161 p\u0159\u00edmo s klientem.<\/li>\n<li><strong>Aktu\u00e1ln\u00ed p\u0159ehled o technologi\u00edch<\/strong> \u2014 proto\u017ee t\u011b to bav\u00ed a s\u00e1m zkou\u0161\u00ed\u0161, co m\u016f\u017ee fungovat l\u00e9pe.<\/li>\n<\/ul>\n<p><strong>Jak pozn\u00e1\u0161, \u017ee jsi n\u00e1\u0161 \u010dlov\u011bk?<\/strong><\/p>\n<ul>\n<li>M\u00e1\u0161 za sebou praxi v oboru.<\/li>\n<li>Zn\u00e1\u0161 geodetick\u00e9 programy.<\/li>\n<li>Excel a Word m\u00e1\u0161 v mal\u00edku.<\/li>\n<li>Jsi pe\u010dliv\u00fd\/\u00e1 a um\u00ed\u0161 si pr\u00e1ci zkontrolovat, ne\u017e ji p\u0159ed\u00e1\u0161 d\u00e1l.<\/li>\n<\/ul>\n<p><strong>Co ti nab\u00edz\u00edme?<\/strong><\/p>\n<ul>\n<li>\u2022\tNeform\u00e1ln\u00ed prost\u0159ed\u00ed, kde si tyk\u00e1me.<\/li>\n<li>\u2022\tDlouhodobou spolupr\u00e1ci na zaj\u00edmav\u00fdch projektech.<\/li>\n<li>\u2022\tFlexibilitu, kter\u00e1 funguje oboustrann\u011b \u2014 v\u017edy se dok\u00e1\u017eeme domluvit.<\/li>\n<li>\u2022\tProvozujeme vlastn\u00ed geodetick\u00e9 GNSS permanentn\u00ed stanice.<\/li>\n<\/ul>\n<p>&nbsp;<br \/>\nChce\u0161 b\u00fdt u za\u010d\u00e1tku ka\u017ed\u00e9 stavby a pracovat s nejmodern\u011bj\u0161\u00edmi technologiemi?<br \/>\nOzvi se n\u00e1m!<\/p>\n<p><strong>Kontakt<\/strong><\/p>\n<ul>\n<li>Po\u0161li n\u00e1m \u017eivotopis na <a href=\"mailto:gb@geodezie-brno.cz\">gb(at)geodezie-brno.cz<\/a> nebo zavolej na <strong>724 827 848<\/strong>.<\/li>\n<li>R\u00e1di se s tebou potk\u00e1me. <a href=\"https:\/\/www.gb-geodezie.cz\">www.gb-geodezie.cz<\/a><\/li>\n<\/ul>\n","protected":false},"excerpt":{"rendered":"<p>Hled\u00e1me geodeta, kter\u00fd z m\u011b\u0159en\u00ed v ter\u00e9nu dok\u00e1\u017ee vyhodnotit data a vytvo\u0159it mapov\u00e9 podklady nebo geodetickou dokumentaci podle sm\u011brnic. Vid\u00ed\u0161 smysl v pr\u00e1ci, kter\u00e1 je opravdu vid\u011bt? Chce\u0161 b\u00fdt u projekt\u016f, kter\u00e9 m\u011bn\u00ed krajinu \u2014 od dopravn\u00edch staveb p\u0159es pozemkov\u00e9&hellip; <\/p>\n","protected":false},"author":1,"featured_media":0,"parent":20,"menu_order":302,"comment_status":"closed","ping_status":"closed","template":"","meta":{"ngg_post_thumbnail":0,"footnotes":""},"class_list":["post-198","page","type-page","status-publish","hentry"],"_links":{"self":[{"href":"https:\/\/www.gb-geodezie.cz\/index.php?rest_route=\/wp\/v2\/pages\/198"}],"collection":[{"href":"https:\/\/www.gb-geodezie.cz\/index.php?rest_route=\/wp\/v2\/pages"}],"about":[{"href":"https:\/\/www.gb-geodezie.cz\/index.php?rest_route=\/wp\/v2\/types\/page"}],"author":[{"embeddable":true,"href":"https:\/\/www.gb-geodezie.cz\/index.php?rest_route=\/wp\/v2\/users\/1"}],"replies":[{"embeddable":true,"href":"https:\/\/www.gb-geodezie.cz\/index.php?rest_route=%2Fwp%2Fv2%2Fcomments&post=198"}],"version-history":[{"count":15,"href":"https:\/\/www.gb-geodezie.cz\/index.php?rest_route=\/wp\/v2\/pages\/198\/revisions"}],"predecessor-version":[{"id":1678,"href":"https:\/\/www.gb-geodezie.cz\/index.php?rest_route=\/wp\/v2\/pages\/198\/revisions\/1678"}],"up":[{"embeddable":true,"href":"https:\/\/www.gb-geodezie.cz\/index.php?rest_route=\/wp\/v2\/pages\/20"}],"wp:attachment":[{"href":"https:\/\/www.gb-geodezie.cz\/index.php?rest_route=%2Fwp%2Fv2%2Fmedia&parent=198"}],"curies":[{"name":"wp","href":"https:\/\/api.w.org\/{rel}","templated":true}]}}