
{"id":1265,"date":"2016-09-08T13:53:20","date_gmt":"2016-09-08T12:53:20","guid":{"rendered":"http:\/\/www.gb-geodezie.cz\/?page_id=1265"},"modified":"2026-03-15T18:20:53","modified_gmt":"2026-03-15T17:20:53","slug":"_-geodet-pro-zpracovani-dat-pro-kn-s-praxi","status":"publish","type":"page","link":"https:\/\/www.gb-geodezie.cz\/?page_id=1265","title":{"rendered":"Geodet \/ Geodetka \u2013 zpracov\u00e1n\u00ed geometrick\u00fdch pl\u00e1n\u016f"},"content":{"rendered":"<p><strong>Geodet \/ Geodetka \u2013 zpracov\u00e1n\u00ed geometrick\u00fdch pl\u00e1n\u016f<\/strong><br \/>\n<strong>GB geodezie spol. s r.o., Tu\u0159anka 1521\/92b, Brno\u2013Slatina<\/strong><\/p>\n<p><strong>Jsme stabiln\u00ed geodetick\u00e1 spole\u010dnost s dlouholetou tradic\u00ed a p\u0159\u00e1telsk\u00fdm kolektivem. Do na\u0161eho t\u00fdmu v Brn\u011b\u2013Slatin\u011b hled\u00e1me posilu na pozici <strong>geodet \/ geodetka se zam\u011b\u0159en\u00edm na zpracov\u00e1n\u00ed geometrick\u00fdch pl\u00e1n\u016f<\/strong>.<\/strong><\/p>\n<p><strong>N\u00e1pl\u0148 pr\u00e1ce:<\/strong><\/p>\n<ul>\n<li>kancel\u00e1\u0159sk\u00e9 zpracov\u00e1n\u00ed geometrick\u00fdch pl\u00e1n\u016f<\/li>\n<li>pr\u00e1ce s geodetick\u00fdmi podklady a daty<\/li>\n<li>spolupr\u00e1ce s kolegy nap\u0159\u00ed\u010d firmou<\/li>\n<\/ul>\n<p><strong>Koho r\u00e1di p\u0159iv\u00edt\u00e1me:<\/strong><\/p>\n<ul>\n<li>geodeta\/geodetku (praxe v\u00fdhodou)<\/li>\n<li>n\u011bkoho pe\u010dliv\u00e9ho, samostatn\u00e9ho a spolehliv\u00e9ho<\/li>\n<li>\u0159idi\u010dsk\u00fd pr\u016fkaz B je v\u00fdhodou, nikoli nutnost\u00ed<\/li>\n<li>znalost geodetick\u00e9ho softwaru (VKM, Groma, \u2026) je plus, ale r\u00e1di zau\u010d\u00edme<\/li>\n<\/ul>\n<p><strong>Co nab\u00edz\u00edme:<\/strong><\/p>\n<ul>\n<li>stravenkov\u00fd pau\u0161\u00e1l<\/li>\n<li>MultiSport karta<\/li>\n<li>teambuildingy a spole\u010dn\u00e9 akce<\/li>\n<li>p\u0159\u00e1telsk\u00fd kolektiv a f\u00e9rov\u00e9 jedn\u00e1n\u00ed<\/li>\n<li>stabiln\u00ed z\u00e1zem\u00ed firmy a mo\u017enost profesn\u00edho r\u016fstu<\/li>\n<li>n\u00e1stup dle dohody, pr\u00e1ce na HPP (mo\u017eno i zkr\u00e1cen\u00fd \u00favazek)<\/li>\n<\/ul>\n<p><strong>M\u00edsto v\u00fdkonu pr\u00e1ce<\/strong><\/p>\n<ul>\n<li>Brno\u2013Slatina, Tu\u0159anka 1521\/92b<\/li>\n<\/ul>\n<p><strong>Kontakt<\/strong><\/p>\n<ul>\n<li>Po\u0161li n\u00e1m \u017eivotopis na <a href=\"mailto:gb@geodezie-brno.cz\">gb(at)geodezie-brno.cz<\/a> nebo zavolej na <strong>724 013 064<\/strong>.<\/li>\n<li>R\u00e1di se s tebou potk\u00e1me. <a href=\"https:\/\/www.gb-geodezie.cz\">www.gb-geodezie.cz<\/a><\/li>\n<\/ul>\n","protected":false},"excerpt":{"rendered":"<p>Geodet \/ Geodetka \u2013 zpracov\u00e1n\u00ed geometrick\u00fdch pl\u00e1n\u016f GB geodezie spol. s r.o., Tu\u0159anka 1521\/92b, Brno\u2013Slatina Jsme stabiln\u00ed geodetick\u00e1 spole\u010dnost s dlouholetou tradic\u00ed a p\u0159\u00e1telsk\u00fdm kolektivem. Do na\u0161eho t\u00fdmu v Brn\u011b\u2013Slatin\u011b hled\u00e1me posilu na pozici geodet \/ geodetka se zam\u011b\u0159en\u00edm na&hellip; <\/p>\n","protected":false},"author":1,"featured_media":0,"parent":20,"menu_order":301,"comment_status":"closed","ping_status":"closed","template":"","meta":{"ngg_post_thumbnail":0,"footnotes":""},"class_list":["post-1265","page","type-page","status-publish","hentry"],"_links":{"self":[{"href":"https:\/\/www.gb-geodezie.cz\/index.php?rest_route=\/wp\/v2\/pages\/1265"}],"collection":[{"href":"https:\/\/www.gb-geodezie.cz\/index.php?rest_route=\/wp\/v2\/pages"}],"about":[{"href":"https:\/\/www.gb-geodezie.cz\/index.php?rest_route=\/wp\/v2\/types\/page"}],"author":[{"embeddable":true,"href":"https:\/\/www.gb-geodezie.cz\/index.php?rest_route=\/wp\/v2\/users\/1"}],"replies":[{"embeddable":true,"href":"https:\/\/www.gb-geodezie.cz\/index.php?rest_route=%2Fwp%2Fv2%2Fcomments&post=1265"}],"version-history":[{"count":12,"href":"https:\/\/www.gb-geodezie.cz\/index.php?rest_route=\/wp\/v2\/pages\/1265\/revisions"}],"predecessor-version":[{"id":1680,"href":"https:\/\/www.gb-geodezie.cz\/index.php?rest_route=\/wp\/v2\/pages\/1265\/revisions\/1680"}],"up":[{"embeddable":true,"href":"https:\/\/www.gb-geodezie.cz\/index.php?rest_route=\/wp\/v2\/pages\/20"}],"wp:attachment":[{"href":"https:\/\/www.gb-geodezie.cz\/index.php?rest_route=%2Fwp%2Fv2%2Fmedia&parent=1265"}],"curies":[{"name":"wp","href":"https:\/\/api.w.org\/{rel}","templated":true}]}}